 30 = -3*d + 8*d. Suppose d*b = 9*b + 270. Let r = b + 114. What is the tens digit of r?
2
Let l(o) = -2*o - 12. Suppose 3*j + 54 = 5*k + 151, 3*k + 67 = 4*j. Let z be 10*(-3 - 34/(-10)) + k. What is the tens digit of l(z)?
1
Suppose -382609 = -52*f + 662695. What is the units digit of f?
2
Let i(g) = 308*g - 1622. What is the ten thousands digit of i(41)?
1
Let t(u) = u**3 + 18*u**2 + 21*u + 34. Let z(l) = 3*l**2 - 22*l - 30. Let h be z(8). What is the units digit of t(h)?
4
What is the ten thousands digit of (-1010688)/(-15) - (-291)/(-1455)?
6
Let l = -16122 + 42041. What is the hundreds digit of l?
9
Let v = 116 - 58. Suppose g + 4*o = -v, 0*o + 143 = -2*g + o. Let x = 117 + g. What is the units digit of x?
7
Suppose 4*d + 3*s - 75027 = 0, d = -4*s + 887 + 17847. What is the units digit of d?
2
Let p(x) be the first derivative of -18*x**2 - 122*x - 26. What is the units digit of p(-19)?
2
What is the hundreds digit of (-1314)/12*5290/(-69)?
3
Let m(r) = -r**3 - 13*r**2 + 15*r - 25. Let d be m(-14). What is the units digit of ((-26)/d)/((-2)/(-279))?
3
Suppose -b + 4*i + 600 = -2*b, 5*i = -20. Let n = b - -1081. What is the units digit of n?
7
Suppose -8*j + 4097 = -3*j - 3*y, 2*y + 4093 = 5*j. What is the hundreds digit of j?
8
Let q = -214 - -211. What is the tens digit of (q - -4)/((-1)/(-250)) - 1?
4
Let l(o) = -6*o**2 + 10*o + 89. Suppose -5*h - 35 = -0*h. Let f(k) = 2*k**2 - 3*k - 30. Let g(z) = h*f(z) - 2*l(z). What is the units digit of g(0)?
2
Suppose 0 = -171*o + 146*o + 172000. What is the hundreds digit of o?
8
Let m be (2 + (-24)/8)*(-80 - 3). Let d(z) = z**2 - 4*z + 4. Let f be d(4). Suppose -431 + m = -5*i - 3*y, -3*y = f*i - 276. What is the tens digit of i?
7
Let i(l) = 38*l**3 - 39*l**3 + 3 + 5 - l + 7*l**2. Let u be i(7). What is the units digit of 608/12 - u/(-3)?
1
Suppose 3*z + 12 = -3*k + 4*k, -5*z = -5*k + 10. What is the units digit of 1/((z - -5) + -1) - -526?
5
Let t(w) = 27*w**2 + 94*w - 43. What is the thousands digit of t(-11)?
2
Suppose v + 1805 - 3679 = 7706. What is the units digit of v?
0
Let w(y) = -16*y**3 - y**2 - 5*y + 1. Suppose 4*p + d = 125, p + d - 28 = 4*d. Suppose 3*o = 25 - p. What is the hundreds digit of w(o)?
1
Let q = 12333 - -3899. What is the thousands digit of q?
6
Let i(a) = 25*a + 14*a - 150 - 11*a. What is the tens digit of i(16)?
9
Let g = 2 - 2. Let z = 3717 + -3489. Suppose 18*h - 78 - z = g. What is the units digit of h?
7
Let y be 15/2*(-11 - -13). Suppose -l + 6*l = y. What is the tens digit of (27/(-6))/((-1)/12) + l?
5
Suppose -5*f = -5*a - 355 - 445, 5*a + f = -794. Let t = a - -417. What is the units digit of t?
8
Let p(x) = -x**3 - 12*x**2 - 3*x - 11. Let i be p(-12). Let t = i - 24. What is the tens digit of t - -85 - (-12)/(-6)?
8
Let l(m) = m**3 - 2*m**2 + 2*m + 75. Let n be l(0). Let g be 24/15*(n/(-6))/5. What is the tens digit of ((-7 - g) + 4)/(2/68)?
3
Let l(h) = h**3 + 8*h**2 + 8*h + 12. Let s be l(-7). Suppose 2*k - 604 = y - s*y, -4*y + 904 = 3*k. What is the units digit of k?
0
Let m(b) = -2*b**3 + 4*b**2 + 2*b - 297. Let z(d) = -d**3 + 2*d**2 + d - 1. Let n(r) = -m(r) + z(r). What is the tens digit of n(0)?
9
Suppose -4*j + 82870 = -2*n, j + 4*n - 9345 - 11350 = 0. What is the thousands digit of j?
0
Let d(b) be the second derivative of 0 + 1/2*b**3 + 1/12*b**4 + 3*b + 5/2*b**2. What is the tens digit of d(5)?
4
Suppose -4*b + 4*i = -5 - 7, 3*b + i = 5. Suppose 3*k - 86 = b*t, 0 = 3*k - 8*t + 4*t - 88. What is the tens digit of 6364/k - (6/21 - 0)?
2
Suppose 4*j = 2*v - 6, 2*j - 9*v = -5*v. What is the hundreds digit of (-4)/j - -297 - 0?
2
Let q(n) = n + 38. Let f(z) = -4*z - 13. Let x be f(-4). Let m(i) = i + 19. Let d(t) = x*q(t) - 7*m(t). What is the units digit of d(-18)?
3
Let p be ((-24)/10)/((-21)/105). What is the units digit of (1641/p)/((-2)/(-8))?
7
What is the thousands digit of (-48)/(-264) - (0 + 278934/(-22))?
2
Suppose 3*q + 6*m = 4287, 147 - 1572 = -q - m. What is the thousands digit of q?
1
Let u(s) be the third derivative of -s**6/120 + 7*s**5/60 + s**4/12 - 13*s**3/6 + 9*s**2. Let p = 27 - 21. What is the tens digit of u(p)?
3
Let z be (17/(204/(-225)))/(3/(-64)). Suppose -9200 = -16*u + z. What is the hundreds digit of u?
6
Suppose -23 + 9 = -2*l. Let h be 7 + (l + -5 - 5). Suppose -2 + 1 = m, -h*q - 5*m = -403. What is the units digit of q?
2
What is the hundreds digit of ((-35820)/(-40) - 14)/(2/4)?
7
Let b be (-6)/(-15) - (-804)/15. Suppose -4*m + 5*a = -b, m - a = 4*m - 31. Let o = m - -87. What is the units digit of o?
8
Let i(j) = -136*j + 8612. What is the tens digit of i(-69)?
9
Let j(z) = 2*z**2 - 8*z - 10. Let q be j(5). Suppose 4*i = -5*g + 3662, -4*i - g + 4*g + 3678 = q. What is the hundreds digit of i?
9
Let t(n) = -n**3 - 29*n**2 + 59*n - 36. Let w be t(-31). Suppose 15 = 5*d, 3*g = -4*d + 21 + w. What is the tens digit of g?
2
Suppose -34907 = -3*q + 2*c, -3*c + 27335 = 2*q + 4094. What is the tens digit of q?
3
Suppose 0 = -1108*w + 1117*w - 279. Suppose -59*t + 21420 = -w*t. What is the hundreds digit of t?
7
Let w(p) = 28*p + 63. Suppose -2*n = 3*o - 3*n - 9, 3*o + 4*n = -6. Suppose -32 = -5*b + o*v, 3*b + v = -4*v + 13. What is the units digit of w(b)?
1
Let y be (3 - -1 - 4)/1. Let w(x) = x**3 + 4*x + 347. What is the tens digit of w(y)?
4
Suppose -10556172 + 1874198 = -257*u. What is the hundreds digit of u?
7
What is the tens digit of 11 + 234488/24 - (-3 + 30/9)?
8
What is the ten thousands digit of -8*65/(-40) - -13913?
1
Let p(a) = 125*a + 3. Let u be p(3). Suppose 2150 = 65*s - 55*s. Let b = u - s. What is the tens digit of b?
6
Suppose -1702 = -11*s + 267. Let b = s + 1035. What is the tens digit of b?
1
Suppose 5*t - 7 + 12 = -2*u, 5*t - 3*u + 5 = 0. Let w be t + 16 + 0/((-24)/(-6)). What is the units digit of 20/w*2*39?
4
Let u = 21 - 192. Let w = u - -196. What is the units digit of w?
5
Let q be 62388/30 - (-5 - (-69)/15). Suppose -22*j + 2*j = -q. What is the hundreds digit of j?
1
Let f(j) = -4 - 16 + 2*j + 137*j + 2. Let d be f(6). What is the units digit of (2 - d/(-18))*3?
2
Let y(t) = t**3 - 113*t**2 - 75*t - 1588. What is the ten thousands digit of y(116)?
3
Suppose 5*j + 4*t = 3*t + 361, 2*t = -j + 74. What is the hundreds digit of (j/32)/((-1)/376*-3)?
2
Let o be 3/(3*-2) + (-387)/(-18). Suppose -o*b = -23*b + 12. What is the units digit of b?
6
Suppose -393 = -2*p + 811. Let f = -214 + p. What is the tens digit of f?
8
Suppose -4*x - 2*c + 26 = 0, -37 = -0*x - 3*x - 5*c. Let r(u) = u**2 + 5*u - 3. Let o be r(-5). What is the units digit of ((-2424)/o)/x + 1?
3
What is the units digit of (9 - -5) + 6181 - 9?
6
Let a(m) = 23*m**2 - 6*m + 70. Let s(g) = -21*g**2 + 5*g - 70. Let r(f) = -4*a(f) - 5*s(f). What is the hundreds digit of r(-9)?
1
Let p = 7059 - 3067. What is the units digit of p?
2
Let g(r) be the first derivative of -r**4/4 - 7*r**3/3 - r**2 + 5*r - 7. Let f be g(-6). Let k = f + 111. What is the tens digit of k?
9
Suppose 0 = q + 4*q + 10. What is the hundreds digit of -1 - (q + (-410)/25)*15?
2
Suppose 283780 = -322*a + 342*a. What is the tens digit of a?
8
Let t = 1899 - 1244. Let q = t + 652. What is the units digit of q?
7
Let n(k) = -3*k - 2908*k**2 + 2921*k**2 - 11 - 14. What is the units digit of n(-6)?
1
Let d(c) = -3*c**2 + 26*c - 27. Let n(t) = -4*t**2 + 26*t - 27. Let q(l) = 6*d(l) - 5*n(l). What is the tens digit of q(-20)?
5
Let s be (-26 - -22) + 8/2. Suppose 4*f + s*f = 628. What is the tens digit of f?
5
Suppose -803 = z - 5*n - 12314, 0 = 2*n - 12. What is the hundreds digit of z?
5
Suppose o + 2*d - 6 = 0, -d - 10 = -o - 4*d. Let k = 55 + -28. Let x = k + o. What is the units digit of x?
5
Suppose 4*w - 137*y = -136*y + 38395, w - 2*y = 9604. What is the units digit of w?
8
Let f = -377 - -271. Let l = f - -367. What is the hundreds digit of l?
2
Suppose -5*u + 3270 = -5*k, 4*u + 2*k = 596 + 2008. What is the tens digit of u?
5
Suppose -2*t + 4*k = -1504, -t = -7*k + 8*k - 743. Suppose -3*r + t = 5*m, 4*r = r - 2*m + 734. What is the units digit of r?
2
Let b(p) = -p**2 + 47. Let l = -31 - -35. Suppose l*s - 20 = m, -4 = -2*m - 3*s + 11. What is the units digit of b(m)?
7
Let f = 1510 - -1168. Suppose -5*h - 768 = -f. Suppose -514 = -4*t - n, -4*t + t + n + h = 0. Wha